.
-7
Let g(y) = 3*y - 6 - 3*y + y**2 + y**3. Let u = -3 + 3. Calculate g(u).
-6
Let c(w) = w. Let l(u) = -u**2 + 5*u - 3. Let q be l(2). Let o(b) = 5 - 4 + q - b**2 + 8*b + 0*b**2. Let d(v) = 2*c(v) - o(v). Give d(5).
-9
Let o(u) = -6*u**3 - u**2 + 11*u + 9. Let f = 4 - 10. Let w(r) = -7*r**3 - 2*r**2 + 12*r + 10. Let x(l) = f*o(l) + 5*w(l). Calculate x(5).
-9
Let z(w) = -w**2 - 7*w - 7. Suppose -1 - 7 = -4*h - 4*v, -6 = h - 3*v. Suppose h*s - 12 = 2*s. Give z(s).
-1
Let c = -6 + 9. Let q(i) = i + 3*i**2 - 2*i**3 + 0*i - 2 + 3*i**c. Let p = 1 + -4. Determine q(p).
-5
Suppose -2*f - 3*f + 20 = 0. Suppose -7*m + 3*m + 8 = 0. Let v(g) = m - 2 + g. Determine v(f).
4
Let w(o) = -7*o**3 + o**2 - 4. Suppose 7*s - 3*l + 18 = 4*s, 0 = -4*s - 3*l + 11. Let f(y) = y**3 - y**2 + y + 1. Let z(p) = s*w(p) - 6*f(p). Determine z(-6).
-2
Let w be (-4 + 2)*1/2. Let a be 2/w - 1 - -8. Let m(p) = -p**2 + 5*p - 1. What is m(a)?
-1
Let k(p) = -p. Let q = -1 + 5. Suppose q*y = -c + 1 - 3, 5*y - 6 = 3*c. Calculate k(y).
0
Let u(m) = -6*m + 0*m - 3*m**3 + 4*m**3 - 2*m**2 + 0*m**3. Let w(l) = -2*l**3 + 5*l**2 + 12*l - 1. Let i(v) = -13*u(v) - 6*w(v). Give i(-5).
1
Let g(d) = -d**3 - 5*d**2 - 7*d + 1 - 2*d**2 + 0*d**3. Give g(-5).
-14
Let z(w) = -w + 11. Let r be (2 - (-33)/(-18)) + (-70)/(-12). Give z(r).
5
Let s(p) be the second derivative of -13*p**4/12 - p**3/2 + p**2/2 - 8*p. Let o(m) = -25*m**2 - 5*m + 2. Let d(c) = -4*o(c) + 7*s(c). Give d(-1).
9
Let q(v) = v**2 - 3*v + 5. Let n = -105 - -110. What is q(n)?
15
Let h(k) = k**2 - 6*k - 4. Let g = -8 + 16. Suppose p + 2 = g. Calculate h(p).
-4
Let m(l) = -l**3 + 4*l**2 + 6*l + 3. Let x be m(5). Let i = x + -5. Let f(y) be the first derivative of y**3/3 - y**2/2 - 2*y + 1. Give f(i).
4
Let v(w) be the first derivative of -w**4/4 + 5*w**3/3 + 3*w**2 + 6*w - 5. Let t = -4 + 3. Let i = 5 - t. Give v(i).
6
Suppose 0 + 0 = -2*y. Let g(w) be the third derivative of 0 - 1/6*w**4 - 1/6*w**3 + y*w + 2*w**2 - 1/120*w**6 + 1/12*w**5. What is g(3)?
5
Let s(i) = i**3 - 9*i**2 + 9*i - 10. Suppose 0 = 7*z - 0*z - 56. Determine s(z).
-2
Let r(z) = -4*z**2 + 1. Let c(b) = 5*b + 24. Let w be c(-5). Calculate r(w).
-3
Let b = 12 - 4. Suppose -b + 0 = -4*i. Let a(l) = -4*l + 2*l**2 + 2*l**2 + 2 - l**i. What is a(2)?
6
Let l(v) = 3*v**2 - 15*v + 15. Let s(n) = n**2 - 5*n + 5. Let k(u) = 6*l(u) - 17*s(u). Suppose 9 = -f + 4*f - 3*z, 0 = 2*f + 3*z - 11. Give k(f).
1
Let x(s) be the third derivative of s**4/6 - s**3/3 - s**2. Suppose -19*v = -14*v - 10. What is x(v)?
6
Let o(z) = 2*z. Let h be o(0). Let c(k) = -k**3 - 3 + 7*k**2 + h*k**3 - 11*k**2 + 3*k**3. Determine c(3).
15
Let f(k) = -k - 1. Suppose -4 = 2*r - 0*r. Let x be (-3)/(r*12/40). Give f(x).
-6
Let g(p) be the third derivative of -p**6/120 + p**5/15 - p**4/8 + 2*p**3/3 - 2*p**2 + 44*p. What is g(4)?
-8
Let g(r) be the first derivative of r + 0*r**2 - 1/3*r**3 - 3. What is g(3)?
-8
Let t(d) = 2*d - 12. Let w be t(3). Let n(s) = -1. Let i(z) = -z**2 - 6*z + 6. Let f(p) = -i(p) - 4*n(p). Give f(w).
-2
Let u = 13 + -3. Let i be 19/7 + u/35. Let c(d) = -2*d + i - 6*d - 4. Determine c(-1).
7
Let v(l) be the first derivative of -l**4/4 + 4*l**3/3 - l**2/2 - l - 2. Suppose -2 = u - 5. Suppose -5*x + u*k = -30, -2*x + 5*k = x - 34. Give v(x).
5
Let t(o) be the second derivative of o**2 - 2/3*o**3 + 0 - 4*o. Give t(3).
-10
Let y(s) = s**2 + 4*s - 5. Let m be 4/22 - (-42)/11. Suppose 3*f + 4*v + 8 = 0, -f - 2*v - m = 2. Suppose f*p = -q + 4, 3*q + 20 = -q + 2*p. Give y(q).
-5
Let v(i) = -i. Suppose 0 = -l - 2*l. Suppose 5*m + 12 = -p - l, 0 = -5*p - m + 12. Calculate v(p).
-3
Let i(h) be the first derivative of -11*h**2/2 - 93. Suppose -5*y + 7 - 2 = 0. Give i(y).
-11
Let y(l) = 4*l - 4 + l - 2*l**2 + 0 + 7*l**2. Let a(v) = 11*v**2 + 10*v - 9. Let n(q) = 4*a(q) - 9*y(q). What is n(-5)?
0
Suppose 0 = -5*l - 5*b + 44 + 1, -4*b = -l + 34. Let r be 22/(-2) + l + -10. Let i(u) = u**3 + 8*u**2 + 7*u - 7. What is i(r)?
-7
Suppose 5*k = -s + 3*s + 16, 3*k = -4*s + 20. Suppose s*o + 5 - 3 = 0. Let c(q) = -2*q + 1. Calculate c(o).
3
Let r(y) = -1 - 8 + 6 - 2*y. Give r(-2).
1
Let h be 0/(1 + 2/2). Suppose -2*j - 2*n - 6 = h, 3*n - 1 = -5*j - 20. Let y(u) = u**2 + 5*u + 1. Give y(j).
1
Let j(d) be the first derivative of -d**5/20 - d**4/12 + d**3/6 - d**2/2 - 3. Let o(b) be the second derivative of j(b). Calculate o(1).
-4
Let g(c) = -c**2 - 1. Let i = 19 - 31. Let j be ((-18)/(-4))/((-9)/i). Let x(m) = 5*m**2 - 3*m + 12. Let r(l) = j*g(l) + x(l). Determine r(-5).
-4
Let w(f) = -f**2 + 2*f + 3. Let k(a) = -40 + a + 40. Let i be k(6). Let g be 1*-4*(-6)/i. Calculate w(g).
-5
Let z(o) = 2*o**3 - o**2 - 5*o + 4. Let s be z(2). Let v(p) = p**2 - 8*p + 4. What is v(s)?
-8
Let l(d) = d**2 + 6*d - 4. Let i be l(-7). Let w(s) = -s + 2*s + i - 2*s + 4. Give w(0).
7
Let m(i) be the first derivative of i**4/4 + 2*i**2 + 3*i + 6. Give m(-2).
-13
Let p(b) be the third derivative of -b**7/840 + b**6/360 + b**5/120 - b**4/8 + b**2. Let y(t) be the second derivative of p(t). Calculate y(-1).
-4
Let z be 9/2 + (-6)/4. Let q(h) = h - 5. Calculate q(z).
-2
Let r(p) be the first derivative of p**4/4 + 5*p**3/3 - 7*p**2/2 - 2*p - 1. Suppose 5*m = -24 - 6. What is r(m)?
4
Let m be ((-8)/(-20) + 0)*10. Let y(b) = -m - 2*b**2 + 2 - b - b + 3. What is y(-2)?
-3
Let b(w) = -w**2 + 4*w - 1. Let j(o) = -1. Let x(l) = -b(l) - 2*j(l). Let c be x(4). Let y(h) = -h**3 + 2*h**2 + h - 1. Determine y(c).
-7
Let m(u) be the third derivative of -u**4/24 + 4*u**3/3 + 6*u**2. Determine m(4).
4
Suppose 3*q + 5 + 10 = 2*o, 4*o - 3 = -3*q. Let a(n) = n**3 - 8*n**2 - 8*n - 7. Let y be a(9). Let t(i) = i**y + 1 - 2*i**2 - 2 + i. What is t(o)?
-7
Let i(h) = -h**3 - h - 5. Let b = 47 - 47. Give i(b).
-5
Let g(k) = k + 6. Suppose -u + 6*u = 15, 0 = -2*t + 2*u - 6. Suppose -4*x - 5*f + 14 = t, 30 = 5*x - 4*f - 8. Suppose x*s = 9*s. What is g(s)?
6
Let n = -6 + 10. Let h(m) = 3*m**3 + 5*m**2 - 2*m + 7. Let r(s) = -7*s**3 - 10*s**2 + 3*s - 15. Let l(o) = 9*h(o) + 4*r(o). Calculate l(n).
-5
Let u = 6 - 6. Let z(o) be the second derivative of -o - 1/2*o**3 + 2*o**2 - 1/12*o**4 + u. Determine z(-5).
-6
Let x(c) = c**3 - c**2 - c + 2. Let l = 18 + -13. Let m be 4*((-10)/(-4))/l. What is x(m)?
4
Let f(n) = -n**2 - 23*n - 49. Let j be f(-21). Let b(m) = -m**2 - 10*m - 5. What is b(j)?
16
Let j(f) = f**3 + f**2 - f + 1. Let s(c) = 2*c**3 - c**2 + 2*c + 7. Let q(k) = 3*j(k) - s(k). Calculate q(-5).
-4
Suppose -5*n = 2*d - 43, 2 = -3*n - 5*d + 43. Let a = 7 - n. Suppose a = 5*f + 5. Let s(b) = 3*b + 1. Calculate s(f).
-2
Let c(n) be the second derivative of -n**3/2 + 10*n**2 - 6*n. Let f be c(8). Let z(p) = p**2 + 4*p + 6. Give z(f).
6
Let t(a) be the first derivative of -a**4/12 + 2*a**3/3 + 4*a**2 - 3*a - 2. Let h(v) be the first derivative of t(v). What is h(6)?
-4
Let b(n) = 4*n + 3 - 2*n - n + 5*n. What is b(-3)?
-15
Let f(m) = -m - 3. Let d(z) = -2*z - 7. Let i(y) = -6*d(y) + 13*f(y). Suppose 0 = 4*k + 4 - 24. Suppose 0 = k*q - 15 - 10. What is i(q)?
-2
Let m(i) = i + 1. Let u(v) = -v**2 + 4*v - 5. Let g(x) = 2*m(x) + u(x). Suppose -5*l - r + 13 = 0, 1 + 0 = -l + r. Let b be (3/l)/((-15)/(-50)). What is g(b)?
2
Let t(m) be the first derivative of m**4/4 - 8*m**3/3 + 9*m**2/2 + 7*m - 5. Calculate t(7).
21
Suppose -3*p + p - 4*i = -10, 3*i = -p + 2. Let w(l) = -6*l**2. Let z(d) = -d**2. Let o(s) = p*z(s) - 2*w(s). What is o(1)?
1
Suppose -2*s - 6 + 10 = 0. Let o = 0 - -2. Suppose 0 = s*n - 0*n + o. Let w(k) = -3*k**2. Give w(n).
-3
Let o(k) = -16*k**2 - 2*k**3 - 3 + 10*k**2 + 6*k + 4*k**3 - k**3. Calculate o(5).
2
Let o(m) be the third derivative of -1/120*m**6 + 1/12*m**5 - 5/24*m**4 + 0*m + 0 + 5/6*m**3 + 2*m**2. Suppose 5*y = -5, -2*k + 5*k = 2*y + 14. Calculate o(k).
1
Let m(v) = -v**2 + 4*v + 4. Let w be m(4). Let u(g) = -w + g + 3 - 2. What is u(6)?
3
Let g(u) be the third derivative of -u**6/120 + u**5/60 + u**4/8 - u**3/2 + 15*u**2. Calculate g(2).
-1
Let f(s) = s**2 + s + 7. Let g(u) = -u - 13. Let d be g(-13). Calculate f(d).
7
Let u(s) = s**2 + 4*s + 1. Let x(w) = -2*w + 0*w - 2*w + w**2 - 2*w**2. Let z(m) = -2*u(m) - 3*x(m). Give z(-5).
3
Let g(u) = -32*u + 18*u + u**2 + 10*u. Let t = 0 + 5. What is g(t)?
5
Let f(s) be the third derivativ